mon factor of 57 and y.
3
Let u(d) = -d**3 - 3*d**2 - 12*d - 14. Let q be u(-4). Let g = -13 + 19. Suppose -s = -g*s + 100. Calculate the greatest common divisor of q and s.
10
Suppose 225*b - 18726 - 4785 + 2586 = 0. Calculate the greatest common factor of 4991 and b.
31
Suppose 410 = 3*i - 4*g, 2*i - 2*g - 136 = i. Let u = i + -137. Suppose 18 - 6 = 3*b. Calculate the greatest common divisor of b and u.
1
Let h(w) = -22*w + 4. Let d be h(-8). Let x = -90 - -510. Calculate the greatest common factor of d and x.
60
Let w(q) = q**3 - 7*q**2 - 204. Let a be w(10). Calculate the greatest common factor of a and 1024.
32
Let c(s) = -16*s**3 - 1. Let w be c(1). Let q be ((-9)/(-3) - 0)/(-1) - w. What is the highest common divisor of 28 and q?
14
Let c(s) be the third derivative of -s**6/30 - 7*s**5/30 - 11*s**4/24 + s**3/2 + 17*s**2 + 2*s. Let m be c(-5). What is the greatest common divisor of m and 13?
13
Let k = 14 - 10. Suppose k*t = 17 - 5. Suppose 0 = 4*c + d - 3*d - 1482, t*c - d - 1110 = 0. What is the greatest common divisor of 41 and c?
41
Let m(c) = -60*c + 10. Let z be m(-2). Suppose 3*s = 4*d + 6*s - z, 5*s = 10. Let q = d + -26. What is the highest common divisor of 45 and q?
5
Let b(u) = 11*u**3 - 4*u - 12. Let r be b(-3). Let m be 5/(4 - r/(-78)). What is the highest common divisor of 234 and m?
26
Suppose -18*r = -3654 - 8507 + 335. What is the greatest common factor of 18 and r?
9
Let u(r) = 2*r**2 - 13*r - 51. Let k be u(10). Suppose -21*d - k*d = -3040. What is the highest common factor of d and 12?
4
Let i = -20618 + 22858. Calculate the highest common factor of 110 and i.
10
Let q = 1395 - 459. Let i = 50 + q. Calculate the greatest common divisor of 34 and i.
34
Let k be 3*1/6 + 92/8. Let x(f) = 9 - k*f - f - f**2 + 0*f**2 - 17. Let n be x(-12). Calculate the greatest common divisor of n and 10.
2
Suppose -8*o - y + 11 = -5*o, 2*o + 3*y + 2 = 0. Let j(h) = -h**3 + 6*h**2 - 6*h + 6. Let b be j(o). Calculate the highest common factor of b and 1.
1
Suppose 0 = 2*u - 5 - 5. Suppose -3*q + 296 = u*q. Suppose q*n = 39*n - 32. Calculate the greatest common divisor of 208 and n.
16
Let i = -341 + 341. Suppose -133*w + 130*w + 477 = i. What is the highest common factor of w and 53?
53
Suppose 16*l - 9*l - 342000 = -137*l. What is the highest common divisor of 10 and l?
5
Let y be 2*3 + (11 - 17). Suppose y = 3*s - 3*n, 10*n = 8*n + 8. What is the highest common factor of s and 80?
4
Suppose -k - a - 3 = -2*k, 0 = 3*k - 2*a - 11. Suppose 0 = 3*b - 4*y - 175, 5*b = k*y - 74 + 364. Calculate the greatest common divisor of b and 19.
19
Suppose 35*k - 87*k + 45*k + 1750 = 0. Calculate the greatest common factor of k and 375.
125
Suppose -3*v = -t - 0*t - 23, 0 = -2*v - 4*t - 8. Suppose -v*y = -y - 30. Let x = -124 - -190. What is the highest common divisor of x and y?
6
Let s(k) = -1845*k + 5563. Let i be s(3). What is the greatest common divisor of 212 and i?
4
Let f(d) = -94*d**3 - 2*d. Let y be (-3)/((-6 - -3)/6). Let z be ((-9)/(27/y))/(1*2). Let w be f(z). Calculate the greatest common factor of 12 and w.
12
Let s be (0 - (1 + 0))*49. Suppose 0 = 4*x - 2*p - 336, -4*p = 4*x + 27 - 363. Let d = x + s. What is the greatest common divisor of d and 175?
35
Suppose -351288 = -27*y - 14*y - 95*y. Calculate the greatest common divisor of 84 and y.
21
Let l be (-36)/(-14) + 28/(-49) - -973. Suppose l = -28*u + 31*u. Calculate the highest common factor of u and 25.
25
Let a = 23 - -21. Suppose -9*h + 42*h - 3762 = 0. Suppose 2*l - z - 65 = 151, -l - z + h = 0. Calculate the highest common divisor of l and a.
22
Let p be 79/7 + (-2)/7. Suppose 6*o - 10 - 2 = 0. Suppose -o*a + 21 = p. Calculate the highest common factor of 15 and a.
5
Let t be 57 - (-19 - -23 - 17). Calculate the highest common factor of 4564 and t.
14
Let j be -10 - (-7)/(84/(-6))*-8222. Calculate the greatest common factor of j and 6.
3
Let g(p) be the first derivative of 11*p - 10 + 7/2*p**2. Let o be g(12). Calculate the highest common factor of 19 and o.
19
Let d(f) = -116*f**2 + 239*f**2 - 127*f**2 - 36*f - 3. Let c be d(-5). Calculate the greatest common divisor of c and 55.
11
Let s(o) = 68*o + 2. Let u be s(-2). Suppose 9*c - 11 = -2, -3*w - c = 281. Let m = w - u. Calculate the highest common factor of 5 and m.
5
Let d(m) = m**2 - 8*m + 12. Let g be d(7). Let l = -5 - 3. Let f be (-522)/l + 4/(-16). What is the greatest common factor of f and g?
5
Let p = -64 - -98. Let w = 9 - 4. Suppose -k = y - p, -y + 5*k - 140 = -w*y. Calculate the greatest common factor of 15 and y.
15
Let f be (-10)/(-7) - (-39)/(-91). Let p(h) = 35*h**3 + 9*h - 8. Let t be p(f). Calculate the highest common divisor of t and 9.
9
Let b be 5/(2/14 - 6/(-7)). Suppose -4*v + 2*v + 25 = 3*d, b*d - 4*v = 71. Suppose 0 = 6*r + 48 - 180. Calculate the highest common factor of d and r.
11
Let c = 6354 + -3659. Let q = c - 1480. Calculate the highest common divisor of 45 and q.
45
Suppose 0 = -8*q - 6*q + 756. Let o = -52 + q. Suppose h = 1, -3*h + o*h = 5*a - 361. Calculate the highest common factor of a and 8.
8
Let r(o) = -8*o - 8. Let h be r(-7). Suppose 14*l - h = 10*l. Let q be (-200)/(-12)*l/8. What is the greatest common divisor of 275 and q?
25
Suppose 0 = m - 2, -f + 3*f = -5*m + 522. Suppose 0 = -6*u + 554 + f. Let y(b) = 14*b**2 + 1. Let x be y(-1). What is the highest common divisor of x and u?
15
Let r = -29867 + 29900. What is the greatest common divisor of 11539 and r?
11
Let g be (-6)/(360/(-77862)) - (285/(-50))/19. Calculate the highest common factor of g and 154.
22
Suppose 744 = 35*x + 27*x. Calculate the highest common factor of 284 and x.
4
Let w = -26 + 46. Let c(k) = -11*k**3 + 4*k**2 - 5*k + 6. Let s be c(3). Let q be (44/3)/(6/s*-3). What is the highest common divisor of q and w?
20
Let k = 193 - 155. Suppose g - 4*m = 44, -2*g - k = -3*m - 146. Suppose -n = -29 + 9. Calculate the highest common divisor of n and g.
20
Suppose 2*z - 218 = q, 31*q - 29*q = z - 100. Calculate the greatest common factor of 1512 and z.
56
Let b(l) = 5*l**2 + 9*l + 94. Let t be b(-14). Let y = -798 + t. Suppose -4*i + 150 = i. What is the highest common divisor of y and i?
30
Suppose x = -4*x - 3*p - 2405, 3*x = 3*p - 1467. Let j = 694 + x. Calculate the greatest common divisor of j and 10.
10
Let z = -112330 - -112339. Suppose -4*g + 126 = -126. Calculate the highest common factor of g and z.
9
Let b = 20338 + -19818. Calculate the greatest common divisor of b and 35.
5
Let s(i) = 3*i**2 + 35*i - 81. Let d be s(8). What is the highest common factor of d and 204?
17
Suppose -5*y - 3*h = 652, 0 = y + 5*h + 9 + 139. Let a = -126 - y. Calculate the highest common factor of a and 18.
2
Let p(a) = 3*a - 25. Let o be p(10). Let v(x) = x**2 + 5*x + 8. Let l be v(-9). Let t = l - 43. Calculate the greatest common divisor of t and o.
1
Suppose 17 = 2*a - f, -39*a - f = -38*a - 13. Calculate the highest common divisor of 745 and a.
5
Let x be (7 + -5 - (-1)/2)*(-162)/(-15). What is the greatest common factor of 8289 and x?
27
Suppose 0 = -14*f - 2*f + 1600. Let y = -98 + 168. Let r = y - 45. Calculate the highest common factor of f and r.
25
Suppose -14 = -10*l + 11*l. Let v be (1 - -2) + 7/(l/(-96)). Let s = -11 - -28. Calculate the greatest common factor of s and v.
17
Let q(k) = 42*k + 374. Let l be q(-9). Let p be l*(-4)/(-8) - 177/(-3). Calculate the highest common divisor of 304 and p.
19
Let w(n) = -n**2 - 16*n - 24. Let j be w(-6). Let i be -1 - (-140)/((-20)/(-4)). Calculate the highest common factor of i and j.
9
Let j be (1080/25)/((-1)/(-5)). Suppose 205*n - 209*n + j = 0. What is the greatest common factor of n and 6?
6
Suppose 4090 = 3*h - 2*l - 1308, -3*l = 2*h - 3616. Suppose 24*v = 310 + h. Calculate the highest common divisor of v and 8.
8
Suppose 286*d - 1590 = 7848. Let a = -153 - -483. What is the highest common divisor of d and a?
33
Suppose -5*p = -3*r + 595, -6*r - 196*p + 1267 = -195*p. Calculate the greatest common factor of 415 and r.
5
Suppose -173*k = -187*k + 574. Suppose -k*h + 2 = -43*h, 4*i - 1081 = h. Calculate the highest common factor of 20 and i.
10
Suppose 15*p = 1549 + 9146. Calculate the greatest common divisor of 2 and p.
1
Let a be -9 + 3 + (2 - 2). Let f be (0 - a)